{"id":599,"date":"2015-05-02T10:55:25","date_gmt":"2015-05-02T09:55:25","guid":{"rendered":"http:\/\/www.fehernet.hu\/?page_id=599"},"modified":"2015-05-04T14:22:53","modified_gmt":"2015-05-04T13:22:53","slug":"hangado-2","status":"publish","type":"page","link":"https:\/\/www.fehernet.hu\/?page_id=599","title":{"rendered":"Hangad\u00f3 2."},"content":{"rendered":"<p>Az Irodalmi L\u00e1ncolat m\u0171hely kiad\u00e1s\u00e1ban megjelent, &#8222;Hangad\u00f3 2.&#8221; c\u00edm\u0171 hangos kiadv\u00e1nyban (CD \u00e9s nyomtatott f\u00fczet) hallhat\u00f3 &#8222;K\u0151, pap\u00edr, oll\u00f3&#8221; c\u00edm\u0171 versem.<\/p>\n<p><a href=\"http:\/\/hangado2.weebly.com\" target=\"_blank\">http:\/\/hangado2.weebly.com<\/a><\/p>\n","protected":false},"excerpt":{"rendered":"<p>Az Irodalmi L\u00e1ncolat m\u0171hely kiad\u00e1s\u00e1ban megjelent, &#8222;Hangad\u00f3 2.&#8221; c\u00edm\u0171 hangos kiadv\u00e1nyban (CD \u00e9s nyomtatott f\u00fczet) hallhat\u00f3 &#8222;K\u0151, pap\u00edr, oll\u00f3&#8221; c\u00edm\u0171 versem. http:\/\/hangado2.weebly.com<\/p>\n","protected":false},"author":1,"featured_media":0,"parent":332,"menu_order":0,"comment_status":"open","ping_status":"open","template":"","meta":{"footnotes":""},"class_list":["post-599","page","type-page","status-publish","hentry"],"_links":{"self":[{"href":"https:\/\/www.fehernet.hu\/index.php?rest_route=\/wp\/v2\/pages\/599","targetHints":{"allow":["GET"]}}],"collection":[{"href":"https:\/\/www.fehernet.hu\/index.php?rest_route=\/wp\/v2\/pages"}],"about":[{"href":"https:\/\/www.fehernet.hu\/index.php?rest_route=\/wp\/v2\/types\/page"}],"author":[{"embeddable":true,"href":"https:\/\/www.fehernet.hu\/index.php?rest_route=\/wp\/v2\/users\/1"}],"replies":[{"embeddable":true,"href":"https:\/\/www.fehernet.hu\/index.php?rest_route=%2Fwp%2Fv2%2Fcomments&post=599"}],"version-history":[{"count":3,"href":"https:\/\/www.fehernet.hu\/index.php?rest_route=\/wp\/v2\/pages\/599\/revisions"}],"predecessor-version":[{"id":612,"href":"https:\/\/www.fehernet.hu\/index.php?rest_route=\/wp\/v2\/pages\/599\/revisions\/612"}],"up":[{"embeddable":true,"href":"https:\/\/www.fehernet.hu\/index.php?rest_route=\/wp\/v2\/pages\/332"}],"wp:attachment":[{"href":"https:\/\/www.fehernet.hu\/index.php?rest_route=%2Fwp%2Fv2%2Fmedia&parent=599"}],"curies":[{"name":"wp","href":"https:\/\/api.w.org\/{rel}","templated":true}]}}