{"id":569,"date":"2015-01-05T21:08:56","date_gmt":"2015-01-05T20:08:56","guid":{"rendered":"http:\/\/www.fehernet.hu\/?page_id=569"},"modified":"2015-01-06T01:05:07","modified_gmt":"2015-01-06T00:05:07","slug":"ajanlo","status":"publish","type":"page","link":"http:\/\/www.fehernet.hu\/?page_id=569","title":{"rendered":"Aj\u00e1nl\u00f3"},"content":{"rendered":"<p>Aj\u00e1nlom olvas\u00e1sra a k\u00f6vetkez\u0151 oldalakat (magam is gyakran felkeresem ezeket):<\/p>\n<p><img decoding=\"async\" src=\"http:\/\/www.pieris.hu\/files\/pieris\/logo_250.png\" alt=\"Pieris.hu\" \/><br \/>\n<\/p>\n<p><a href=\"http:\/\/www.pieris.hu\" title=\"Pieris.hu - interakt\u00edv m\u0171v\u00e9szeti port\u00e1l\" target=\"_blank\">Pieris.hu &#8211; interakt\u00edv m\u0171v\u00e9szeti port\u00e1l<\/a><\/p>\n<p><img decoding=\"async\" src=\"http:\/\/profile.ak.fbcdn.net\/hprofile-ak-snc4\/hs462.snc4\/50235_100881083286849_6480_n.jpg\" alt=\"Moly\" \/><br \/><a href=\"http:\/\/moly.hu\" title=\"Moly - minden, ami k\u00f6nyv!\" target=\"_blank\">Moly.hu &#8211; az els\u0151 magyar olvas\u00f3i k\u00f6z\u00f6ss\u00e9gi oldal.<\/a><\/p>\n<p><img decoding=\"async\" src=\"http:\/\/7torony.hu\/imgcache\/0-4.jpg\" alt=\"7torony\" \/><br \/>\n<a href=\"http:\/\/7torony.hu\" title=\"H\u00e9ttorony\" target=\"_blank\">H\u00e9ttorony irodalmi magazin<\/a><\/p>\n","protected":false},"excerpt":{"rendered":"<p>Aj\u00e1nlom olvas\u00e1sra a k\u00f6vetkez\u0151 oldalakat (magam is gyakran felkeresem ezeket): Pieris.hu &#8211; interakt\u00edv m\u0171v\u00e9szeti port\u00e1l Moly.hu &#8211; az els\u0151 magyar olvas\u00f3i k\u00f6z\u00f6ss\u00e9gi oldal. H\u00e9ttorony irodalmi magazin<\/p>\n","protected":false},"author":1,"featured_media":0,"parent":0,"menu_order":0,"comment_status":"open","ping_status":"open","template":"","meta":{"footnotes":""},"class_list":["post-569","page","type-page","status-publish","hentry"],"_links":{"self":[{"href":"http:\/\/www.fehernet.hu\/index.php?rest_route=\/wp\/v2\/pages\/569","targetHints":{"allow":["GET"]}}],"collection":[{"href":"http:\/\/www.fehernet.hu\/index.php?rest_route=\/wp\/v2\/pages"}],"about":[{"href":"http:\/\/www.fehernet.hu\/index.php?rest_route=\/wp\/v2\/types\/page"}],"author":[{"embeddable":true,"href":"http:\/\/www.fehernet.hu\/index.php?rest_route=\/wp\/v2\/users\/1"}],"replies":[{"embeddable":true,"href":"http:\/\/www.fehernet.hu\/index.php?rest_route=%2Fwp%2Fv2%2Fcomments&post=569"}],"version-history":[{"count":8,"href":"http:\/\/www.fehernet.hu\/index.php?rest_route=\/wp\/v2\/pages\/569\/revisions"}],"predecessor-version":[{"id":578,"href":"http:\/\/www.fehernet.hu\/index.php?rest_route=\/wp\/v2\/pages\/569\/revisions\/578"}],"wp:attachment":[{"href":"http:\/\/www.fehernet.hu\/index.php?rest_route=%2Fwp%2Fv2%2Fmedia&parent=569"}],"curies":[{"name":"wp","href":"https:\/\/api.w.org\/{rel}","templated":true}]}}