{"id":202,"date":"2012-11-14T22:55:59","date_gmt":"2012-11-14T21:55:59","guid":{"rendered":"http:\/\/www.fehernet.hu\/?page_id=202"},"modified":"2014-04-10T14:01:08","modified_gmt":"2014-04-10T13:01:08","slug":"book","status":"publish","type":"page","link":"http:\/\/www.fehernet.hu\/?page_id=202","title":{"rendered":"Napraforg\u00f3"},"content":{"rendered":"<p>Elk\u00e9sz\u00fclt a versesk\u00f6tet!<\/p>\n<p>\u00d6r\u00f6mmel tudatjuk, hogy megjelent k\u00f6z\u00f6sen \u00edrt gyermekverses k\u00f6tet\u00fcnk:<br \/>\nK\u00f3sa Emese, T\u00f3th J\u00e1nos \u00e9s Feh\u00e9r Csaba verseit tartalmazza, egy illusztr\u00e1tor bar\u00e1tunk, S\u00fcveg G\u00e1bor pedig akvarelleket festett a versekhez.<br \/>\nA k\u00f6tet k\u00f6nyvesbolti forgalomba nem ker\u00fcl.<br \/>\n<del datetime=\"2013-01-14T09:59:01+00:00\">Az els\u0151 kiad\u00e1sb\u00f3l m\u00e1r csak n\u00e9h\u00e1ny p\u00e9ld\u00e1ny maradt<\/del> <del>Az els\u0151 kiad\u00e1s elfogyott, de az ut\u00e1nnyom\u00e1sra el\u0151rendelni lehet!<\/del><\/p>\n<p><del>Meg\u00e9rkezett a m\u00e1sodik adag, lehet rendelni!<\/del><\/p>\n<p><del><\/del>M\u00e1r csak p\u00e1r darab maradt! \u00a0\u00a0<a title=\"Megrendel\u00e9s\" href=\"http:\/\/www.fehernet.hu\/?page_id=291\">Megrendel\u00e9s<\/a><\/p>\n<p>Tov\u00e1bbi info: <a href=\"mailto:csaba@fehernet.hu\">csaba@fehernet.hu<\/a> vagy <a href=\"mailto:csfeher@gmail.com\">csfeher@gmail.com<\/a><\/p>\n<p>K\u00e9perny\u0151n olvashat\u00f3 e-book form\u00e1tum (PDF):<br \/>\n<a href=\"http:\/\/www.fehernet.hu\/wp-content\/uploads\/2012\/11\/Napraforgo_ebook.pdf\">Napraforgo_ebook<\/a><br \/>\n(Let\u00f6lt\u00e9s: Jobb eg\u00e9rgomb &#8211; Link ment\u00e9se m\u00e1sk\u00e9nt)<\/p>\n<p>On-line olvas\u00e1s:<\/p>\n<!-- WP FlippingBook Plugin 0.8.1 -->\n\t<div id=\"book1\">\n\t\t<div id=\"fbContainer-1\">\n\t\t\t<a class=\"altlink\" id=\"altmsg\" href=\"http:\/\/www.adobe.com\/go\/getflashplayer\" target=\"_blank\" rel=\"nofollow\">Get Adobe Flash Player<\/a>\n\t\t<\/div>\n\t\t<script type=\"text\/javascript\" language=\"JavaScript\">\/\/<!--\n\t\t\tflippingBook1 = new FlippingBook(1);\n\t\t\tflippingBook1.pages = [\n\"http:\/\/www.fehernet.hu\/wp-content\/pageflip\/images\/i_vAcXolQW.png\", \n\"http:\/\/www.fehernet.hu\/wp-content\/pageflip\/images\/i_4IQPvN.png\", \n\"http:\/\/www.fehernet.hu\/wp-content\/pageflip\/images\/i_iBUznXnhJ.png\", \n\"http:\/\/www.fehernet.hu\/wp-content\/pageflip\/images\/i_Vp7lzL3.png\", \n\"http:\/\/www.fehernet.hu\/wp-content\/pageflip\/images\/i_FBUHWY8y.png\", \n\"http:\/\/www.fehernet.hu\/wp-content\/pageflip\/images\/i_ugDxiUBjPQY.png\", \n\"http:\/\/www.fehernet.hu\/wp-content\/pageflip\/images\/i_pPryp8.png\", \n\"http:\/\/www.fehernet.hu\/wp-content\/pageflip\/images\/i_qjr57rFsW.png\", \n\"http:\/\/www.fehernet.hu\/wp-content\/pageflip\/images\/i_Z64Jy6.png\", \n\"http:\/\/www.fehernet.hu\/wp-content\/pageflip\/images\/i_aPyo2daSyg.png\", \n\"http:\/\/www.fehernet.hu\/wp-content\/pageflip\/images\/i_It9vSG9HXWm.png\", \n\"http:\/\/www.fehernet.hu\/wp-content\/pageflip\/images\/i_sGzS.png\", \n\"http:\/\/www.fehernet.hu\/wp-content\/pageflip\/images\/i_xTcrOtW8ez1.png\", \n\"http:\/\/www.fehernet.hu\/wp-content\/pageflip\/images\/i_8izr6S3dY7A9.png\", \n\"http:\/\/www.fehernet.hu\/wp-content\/pageflip\/images\/i_XXbUpQnqLM.png\", \n\"http:\/\/www.fehernet.hu\/wp-content\/pageflip\/images\/i_JfyRhE.png\", \n\"http:\/\/www.fehernet.hu\/wp-content\/pageflip\/images\/i_BRAUUD.png\", \n\"http:\/\/www.fehernet.hu\/wp-content\/pageflip\/images\/i_xxUOWLxEiL.png\", \n\"http:\/\/www.fehernet.hu\/wp-content\/pageflip\/images\/i_9zXqSh.png\", \n\"http:\/\/www.fehernet.hu\/wp-content\/pageflip\/images\/i_ZuPutdcs.png\", \n\"http:\/\/www.fehernet.hu\/wp-content\/pageflip\/images\/i_Xu3EZQrhc.png\", \n\"http:\/\/www.fehernet.hu\/wp-content\/pageflip\/images\/i_h0w8DPDa6.png\", \n\"http:\/\/www.fehernet.hu\/wp-content\/pageflip\/images\/i_KdOy9.png\", \n\"http:\/\/www.fehernet.hu\/wp-content\/pageflip\/images\/i_4YYH2AHNUz.png\", \n\"http:\/\/www.fehernet.hu\/wp-content\/pageflip\/images\/i_B65MQiH3HhT.png\", \n\"http:\/\/www.fehernet.hu\/wp-content\/pageflip\/images\/i_EsHIp7uGOCY.png\", \n\"http:\/\/www.fehernet.hu\/wp-content\/pageflip\/images\/i_FIngI4EXTH.png\", \n\"http:\/\/www.fehernet.hu\/wp-content\/pageflip\/images\/i_cqda7p.png\", \n\"http:\/\/www.fehernet.hu\/wp-content\/pageflip\/images\/i_LMY7tu42gPc.png\", \n\"http:\/\/www.fehernet.hu\/wp-content\/pageflip\/images\/i_5wtwAWJbam.png\", \n\"http:\/\/www.fehernet.hu\/wp-content\/pageflip\/images\/i_QDeCmLpNGi.png\", \n\"http:\/\/www.fehernet.hu\/wp-content\/pageflip\/images\/i_uD5epohbf.png\", \n\"http:\/\/www.fehernet.hu\/wp-content\/pageflip\/images\/i_Oa0PlOe4ux.png\", \n\"http:\/\/www.fehernet.hu\/wp-content\/pageflip\/images\/i_JMZqZQTK.png\", \n\"http:\/\/www.fehernet.hu\/wp-content\/pageflip\/images\/i_lqWdY5W.png\", \n\"http:\/\/www.fehernet.hu\/wp-content\/pageflip\/images\/i_LziaN7nU.png\", \n\"http:\/\/www.fehernet.hu\/wp-content\/pageflip\/images\/i_0hmay2ukX.png\", \n\"http:\/\/www.fehernet.hu\/wp-content\/pageflip\/images\/i_Sm2DV3D9.png\"\n\t\t\t];\n\t\t\tflippingBook1.enlargedImages = [\n\"http:\/\/www.fehernet.hu\/wp-content\/pageflip\/images\/i_vAcXolQW.png\", \n\"http:\/\/www.fehernet.hu\/wp-content\/pageflip\/images\/i_4IQPvN.png\", \n\"http:\/\/www.fehernet.hu\/wp-content\/pageflip\/images\/i_iBUznXnhJ.png\", \n\"http:\/\/www.fehernet.hu\/wp-content\/pageflip\/images\/i_Vp7lzL3.png\", \n\"http:\/\/www.fehernet.hu\/wp-content\/pageflip\/images\/i_FBUHWY8y.png\", \n\"http:\/\/www.fehernet.hu\/wp-content\/pageflip\/images\/i_ugDxiUBjPQY.png\", \n\"http:\/\/www.fehernet.hu\/wp-content\/pageflip\/images\/i_pPryp8.png\", \n\"http:\/\/www.fehernet.hu\/wp-content\/pageflip\/images\/i_qjr57rFsW.png\", \n\"http:\/\/www.fehernet.hu\/wp-content\/pageflip\/images\/i_Z64Jy6.png\", \n\"http:\/\/www.fehernet.hu\/wp-content\/pageflip\/images\/i_aPyo2daSyg.png\", \n\"http:\/\/www.fehernet.hu\/wp-content\/pageflip\/images\/i_It9vSG9HXWm.png\", \n\"http:\/\/www.fehernet.hu\/wp-content\/pageflip\/images\/i_sGzS.png\", \n\"http:\/\/www.fehernet.hu\/wp-content\/pageflip\/images\/i_xTcrOtW8ez1.png\", \n\"http:\/\/www.fehernet.hu\/wp-content\/pageflip\/images\/i_8izr6S3dY7A9.png\", \n\"http:\/\/www.fehernet.hu\/wp-content\/pageflip\/images\/i_XXbUpQnqLM.png\", \n\"http:\/\/www.fehernet.hu\/wp-content\/pageflip\/images\/i_JfyRhE.png\", \n\"http:\/\/www.fehernet.hu\/wp-content\/pageflip\/images\/i_BRAUUD.png\", \n\"http:\/\/www.fehernet.hu\/wp-content\/pageflip\/images\/i_xxUOWLxEiL.png\", \n\"http:\/\/www.fehernet.hu\/wp-content\/pageflip\/images\/i_9zXqSh.png\", \n\"http:\/\/www.fehernet.hu\/wp-content\/pageflip\/images\/i_ZuPutdcs.png\", \n\"http:\/\/www.fehernet.hu\/wp-content\/pageflip\/images\/i_Xu3EZQrhc.png\", \n\"http:\/\/www.fehernet.hu\/wp-content\/pageflip\/images\/i_h0w8DPDa6.png\", \n\"http:\/\/www.fehernet.hu\/wp-content\/pageflip\/images\/i_KdOy9.png\", \n\"http:\/\/www.fehernet.hu\/wp-content\/pageflip\/images\/i_4YYH2AHNUz.png\", \n\"http:\/\/www.fehernet.hu\/wp-content\/pageflip\/images\/i_B65MQiH3HhT.png\", \n\"http:\/\/www.fehernet.hu\/wp-content\/pageflip\/images\/i_EsHIp7uGOCY.png\", \n\"http:\/\/www.fehernet.hu\/wp-content\/pageflip\/images\/i_FIngI4EXTH.png\", \n\"http:\/\/www.fehernet.hu\/wp-content\/pageflip\/images\/i_cqda7p.png\", \n\"http:\/\/www.fehernet.hu\/wp-content\/pageflip\/images\/i_LMY7tu42gPc.png\", \n\"http:\/\/www.fehernet.hu\/wp-content\/pageflip\/images\/i_5wtwAWJbam.png\", \n\"http:\/\/www.fehernet.hu\/wp-content\/pageflip\/images\/i_QDeCmLpNGi.png\", \n\"http:\/\/www.fehernet.hu\/wp-content\/pageflip\/images\/i_uD5epohbf.png\", \n\"http:\/\/www.fehernet.hu\/wp-content\/pageflip\/images\/i_Oa0PlOe4ux.png\", \n\"http:\/\/www.fehernet.hu\/wp-content\/pageflip\/images\/i_JMZqZQTK.png\", \n\"http:\/\/www.fehernet.hu\/wp-content\/pageflip\/images\/i_lqWdY5W.png\", \n\"http:\/\/www.fehernet.hu\/wp-content\/pageflip\/images\/i_LziaN7nU.png\", \n\"http:\/\/www.fehernet.hu\/wp-content\/pageflip\/images\/i_0hmay2ukX.png\", \n\"http:\/\/www.fehernet.hu\/wp-content\/pageflip\/images\/i_Sm2DV3D9.png\"\n\t\t\t];\n\t\t\tflippingBook1.pageLinks = [\n\"\", \n\"\", \n\"\", \n\"\", \n\"\", \n\"\", \n\"\", \n\"\", \n\"\", \n\"\", \n\"\", \n\"\", \n\"\", \n\"\", \n\"\", \n\"\", \n\"\", \n\"\", \n\"\", \n\"\", \n\"\", \n\"\", \n\"\", \n\"\", \n\"\", \n\"\", \n\"\", \n\"\", \n\"\", \n\"\", \n\"\", \n\"\", \n\"\", \n\"\", \n\"\", \n\"\", \n\"\", \n\"\"\n\t\t\t];\n\t\t\tflippingBook1.stageWidth = \"100%\";\n\t\t\tflippingBook1.stageHeight = \"500\";\n\t\t\tflippingBook1.settings.direction = \"LTR\";\n\t\t\tflippingBook1.settings.dynamicScaling = true;\n\t\t\tflippingBook1.settings.bookSize = \"90\";\n\t\t\tflippingBook1.settings.bookWidth = \"1100\";\n\t\t\tflippingBook1.settings.bookHeight = \"740\";\n\t\t\tflippingBook1.settings.firstPageNumber = \"0\";\n\t\t\tflippingBook1.settings.navigationBar = \"http:\/\/www.fehernet.hu\/wp-content\/plugins\/page-flip-image-gallery\/navigation.swf\";\n\t\t\tflippingBook1.settings.navigationBarPlacement = \"bottom\";\n\t\t\tflippingBook1.settings.pageBackgroundColor = 0xffffff;\n\t\t\tflippingBook1.settings.backgroundColor = 0xFFFFFF;\n\t\t\tflippingBook1.settings.backgroundImage = \"http:\/\/www.fehernet.hu\/wp-content\/plugins\/page-flip-image-gallery\/img\/bg.jpg\";\n\t\t\tflippingBook1.settings.backgroundImagePlacement = \"fit\";\n\t\t\tflippingBook1.settings.staticShadowsType = \"Default\";\n\t\t\tflippingBook1.settings.staticShadowsDepth = \"1\";\n\t\t\tflippingBook1.settings.autoFlipSize = \"50\";\n\t\t\tflippingBook1.settings.centerBook = true;\n\t\t\tflippingBook1.settings.scaleContent = true;\n\t\t\tflippingBook1.settings.alwaysOpened = false;\n\t\t\tflippingBook1.settings.flipCornerStyle = \"manually\";\n\t\t\tflippingBook1.settings.hardcover = true;\n\t\t\tflippingBook1.settings.downloadURL = \"\";\n\t\t\tflippingBook1.settings.downloadTitle = \"Start Download\";\n\t\t\tflippingBook1.settings.downloadSize = \"\";\n\t\t\tflippingBook1.settings.allowPagesUnload = false;\n\t\t\tflippingBook1.settings.fullscreenEnabled = true;\n\t\t\tflippingBook1.settings.fullscreenHint = \"Napraforg\u00f3\";\n\t\t\tflippingBook1.settings.zoomingMethod = \"flash\";\n\t\t\tflippingBook1.settings.zoomEnabled = true;\n\t\t\tflippingBook1.settings.zoomOnClick = true;\n\t\t\tflippingBook1.settings.zoomImageWidth = \"800\";\n\t\t\tflippingBook1.settings.zoomImageHeight = \"1200\";\n\t\t\tflippingBook1.settings.zoomHintEnabled = false;\n\t\t\tflippingBook1.settings.zoomHint = \"Double click for zooming\";\n\t\t\tflippingBook1.settings.zoomUIColor = 0x8f9ea6;\n\t\t\tflippingBook1.settings.slideshowButton = false;\n\t\t\tflippingBook1.settings.slideshowAutoPlay = false;\n\t\t\tflippingBook1.settings.slideshowDisplayDuration = \"5000\";\n\t\t\tflippingBook1.settings.goToPageField = true;\n\t\t\tflippingBook1.settings.firstLastButtons = true;\n\t\t\tflippingBook1.settings.printEnabled = false;\n\t\t\tflippingBook1.settings.moveSpeed = \"2\";\n\t\t\tflippingBook1.settings.closeSpeed = \"3\";\n\t\t\tflippingBook1.settings.gotoSpeed = \"3\";\n\t\t\tflippingBook1.settings.rigidPageSpeed = \"5\";\n\t\t\tflippingBook1.settings.printTitle = \"Print Pages\";\n\t\t\tflippingBook1.settings.downloadComplete = \"Complete\";\n\t\t\tflippingBook1.settings.dropShadowEnabled = true;\n\t\t\tflippingBook1.settings.flipSound = \"\";\n\t\t\tflippingBook1.settings.hardcoverSound = \"\";\n\t\t\tflippingBook1.settings.preloaderType = \"Round\";\n\t\t\tflippingBook1.settings.preserveProportions = false;\n\t\t\tflippingBook1.settings.centerContent = true;\n\t\t\tflippingBook1.settings.hardcoverThickness = \"10\";\n\t\t\tflippingBook1.settings.hardcoverEdgeColor = 0xFFFFFF;\n\t\t\tflippingBook1.settings.highlightHardcover = true;\n\t\t\tflippingBook1.settings.frameWidth = \"0\";\n\t\t\tflippingBook1.settings.frameColor = 0xFFFFFF;\n\t\t\tflippingBook1.settings.frameAlpha = \"100\";\n\t\t\tflippingBook1.settings.navigationFlipOffset = \"30\";\n\t\t\tflippingBook1.settings.flipOnClick = true;\n\t\t\tflippingBook1.settings.handOverCorner = true;\n\t\t\tflippingBook1.settings.handOverPage = true;\n\t\t\tflippingBook1.settings.staticShadowsLightColor = 0xFFFFFF;\n\t\t\tflippingBook1.settings.staticShadowsDarkColor = 0x000000;\n\t\t\tflippingBook1.settings.dynamicShadowsDepth = \"1\";\n\t\t\tflippingBook1.settings.dynamicShadowsLightColor = 0xFFFFFF;\n\t\t\tflippingBook1.settings.dynamicShadowsDarkColor = 0x000000;\n\t\t\tflippingBook1.settings.loadOnDemand = true;\n\t\t\tflippingBook1.settings.showUnderlyingPages = false;\n\t\t\tflippingBook1.settings.playOnDemand = true;\n\t\t\tflippingBook1.settings.freezeOnFlip = false;\n\t\t\tflippingBook1.settings.darkPages = false;\n\t\t\tflippingBook1.settings.smoothPages = true;\n\t\t\tflippingBook1.settings.rigidPages = false;\n\t\t\tflippingBook1.settings.flipCornerPosition = \"top-right\";\n\t\t\tflippingBook1.settings.flipCornerAmount = \"70\";\n\t\t\tflippingBook1.settings.flipCornerAngle = \"45\";\n\t\t\tflippingBook1.settings.flipCornerRelease = true;\n\t\t\tflippingBook1.settings.flipCornerVibrate = true;\n\t\t\tflippingBook1.settings.flipCornerPlaySound = false;\n\t\t\tflippingBook1.settings.useCustomCursors = false;\n\t\t\tflippingBook1.settings.dropShadowHideWhenFlipping = true;\n\t\t\tflippingBook1.settings.loader = true;\n\t\t\tflippingBook1.containerId = \"fbContainer-1\";\n\t\t\tflippingBook1.create(\"http:\/\/www.fehernet.hu\/wp-content\/plugins\/page-flip-image-gallery\/flippingBook.swf\");\n\t\t\/\/--><\/script>\n\t<\/div>\n\t<!-- trial version -->\n\t<div style=\"width:100%; text-align:center; font-size:9px;\">\n\t\t<a href=\"http:\/\/pageflipgallery.com\/\" title=\"WordPress Gallery Plugin\">WordPress Gallery Plugin<\/a>\n\t<\/div>\n<!-- WP FlippingBook Plugin END -->\n\n","protected":false},"excerpt":{"rendered":"<p>Elk\u00e9sz\u00fclt a versesk\u00f6tet! \u00d6r\u00f6mmel tudatjuk, hogy megjelent k\u00f6z\u00f6sen \u00edrt gyermekverses k\u00f6tet\u00fcnk: K\u00f3sa Emese, T\u00f3th J\u00e1nos \u00e9s Feh\u00e9r Csaba verseit tartalmazza, egy illusztr\u00e1tor bar\u00e1tunk, S\u00fcveg G\u00e1bor pedig akvarelleket festett a versekhez. A k\u00f6tet k\u00f6nyvesbolti forgalomba nem ker\u00fcl. Az els\u0151 kiad\u00e1sb\u00f3l m\u00e1r &hellip; <a href=\"http:\/\/www.fehernet.hu\/?page_id=202\">Continue reading <span class=\"meta-nav\">&rarr;<\/span><\/a><\/p>\n","protected":false},"author":1,"featured_media":0,"parent":0,"menu_order":0,"comment_status":"open","ping_status":"closed","template":"onecolumn-page.php","meta":{"footnotes":""},"class_list":["post-202","page","type-page","status-publish","hentry"],"_links":{"self":[{"href":"http:\/\/www.fehernet.hu\/index.php?rest_route=\/wp\/v2\/pages\/202","targetHints":{"allow":["GET"]}}],"collection":[{"href":"http:\/\/www.fehernet.hu\/index.php?rest_route=\/wp\/v2\/pages"}],"about":[{"href":"http:\/\/www.fehernet.hu\/index.php?rest_route=\/wp\/v2\/types\/page"}],"author":[{"embeddable":true,"href":"http:\/\/www.fehernet.hu\/index.php?rest_route=\/wp\/v2\/users\/1"}],"replies":[{"embeddable":true,"href":"http:\/\/www.fehernet.hu\/index.php?rest_route=%2Fwp%2Fv2%2Fcomments&post=202"}],"version-history":[{"count":18,"href":"http:\/\/www.fehernet.hu\/index.php?rest_route=\/wp\/v2\/pages\/202\/revisions"}],"predecessor-version":[{"id":217,"href":"http:\/\/www.fehernet.hu\/index.php?rest_route=\/wp\/v2\/pages\/202\/revisions\/217"}],"wp:attachment":[{"href":"http:\/\/www.fehernet.hu\/index.php?rest_route=%2Fwp%2Fv2%2Fmedia&parent=202"}],"curies":[{"name":"wp","href":"https:\/\/api.w.org\/{rel}","templated":true}]}}